
CREATE TABLE `cp_classes` (
  `class_id` int NOT NULL AUTO_INCREMENT,
  `class_name` varchar(255) NOT NULL,
  `num_classes` int NOT NULL DEFAULT '42',
  `duration_hours` decimal(4,2) NOT NULL DEFAULT '2.00',
  `note` text,
  `created_at` timestamp NULL DEFAULT CURRENT_TIMESTAMP,
  `schedule_start_time` time DEFAULT NULL,
  `schedule_end_time` time DEFAULT NULL,
  `schedule_weekday` varchar(20) DEFAULT NULL,
  `student_name` varchar(255) DEFAULT NULL,
  `card_color` varchar(20) DEFAULT NULL,
  `display_order` int DEFAULT NULL,
  PRIMARY KEY (`class_id`)
) ENGINE=InnoDB AUTO_INCREMENT=10 DEFAULT CHARSET=utf8mb4 COLLATE=utf8mb4_0900_ai_ci;

INSERT INTO `cp_classes`(`class_id`,`class_name`,`num_classes`,`duration_hours`,`note`,`created_at`,`schedule_start_time`,`schedule_end_time`,`schedule_weekday`,`student_name`,`card_color`,`display_order`) VALUES('1','Year 7 General','42','2.00','','2025-12-10 06:03:25',NULL,NULL,NULL,NULL,'#FFF9C4','3');
INSERT INTO `cp_classes`(`class_id`,`class_name`,`num_classes`,`duration_hours`,`note`,`created_at`,`schedule_start_time`,`schedule_end_time`,`schedule_weekday`,`student_name`,`card_color`,`display_order`) VALUES('4','Year 6 General','42','2.00','','2025-12-10 20:49:16','15:00:00','17:00:00','Every Thursday','Malcom, Rex','#D4EDDA','2');
INSERT INTO `cp_classes`(`class_id`,`class_name`,`num_classes`,`duration_hours`,`note`,`created_at`,`schedule_start_time`,`schedule_end_time`,`schedule_weekday`,`student_name`,`card_color`,`display_order`) VALUES('6','Year 8 General','42','2.00','','2025-12-11 00:10:44',NULL,NULL,NULL,NULL,'#FFE5B4','4');
INSERT INTO `cp_classes`(`class_id`,`class_name`,`num_classes`,`duration_hours`,`note`,`created_at`,`schedule_start_time`,`schedule_end_time`,`schedule_weekday`,`student_name`,`card_color`,`display_order`) VALUES('7','Maths Method Unit 1-2','42','2.00','','2025-12-14 19:37:10',NULL,NULL,NULL,NULL,'#D1ECF1','5');
INSERT INTO `cp_classes`(`class_id`,`class_name`,`num_classes`,`duration_hours`,`note`,`created_at`,`schedule_start_time`,`schedule_end_time`,`schedule_weekday`,`student_name`,`card_color`,`display_order`) VALUES('8','VCE Maths Method Unit 3-4','42','2.00','','2025-12-14 19:37:26',NULL,NULL,NULL,NULL,'#E9ECEF','6');
INSERT INTO `cp_classes`(`class_id`,`class_name`,`num_classes`,`duration_hours`,`note`,`created_at`,`schedule_start_time`,`schedule_end_time`,`schedule_weekday`,`student_name`,`card_color`,`display_order`) VALUES('9','Year 5 General','42','2.00','','2025-12-17 22:06:24',NULL,NULL,NULL,NULL,'#E6CCB2','1');

CREATE TABLE `cp_sessions` (
  `session_id` int NOT NULL AUTO_INCREMENT,
  `class_id` int NOT NULL,
  `session_number` int NOT NULL,
  `session_date` date DEFAULT NULL,
  `note` text,
  `created_at` timestamp NULL DEFAULT CURRENT_TIMESTAMP,
  PRIMARY KEY (`session_id`),
  KEY `idx_class_session` (`class_id`,`session_number`),
  CONSTRAINT `fk_sessions_class` FOREIGN KEY (`class_id`) REFERENCES `cp_classes` (`class_id`) ON DELETE CASCADE
) ENGINE=InnoDB AUTO_INCREMENT=379 DEFAULT CHARSET=utf8mb4 COLLATE=utf8mb4_0900_ai_ci;

INSERT INTO `cp_sessions`(`session_id`,`class_id`,`session_number`,`session_date`,`note`,`created_at`) VALUES('1','1','1','2025-12-08',NULL,'2025-12-10 06:03:25');
INSERT INTO `cp_sessions`(`session_id`,`class_id`,`session_number`,`session_date`,`note`,`created_at`) VALUES('2','1','2',NULL,NULL,'2025-12-10 06:03:25');
INSERT INTO `cp_sessions`(`session_id`,`class_id`,`session_number`,`session_date`,`note`,`created_at`) VALUES('3','1','3',NULL,NULL,'2025-12-10 06:03:25');
INSERT INTO `cp_sessions`(`session_id`,`class_id`,`session_number`,`session_date`,`note`,`created_at`) VALUES('4','1','4',NULL,NULL,'2025-12-10 06:03:25');
INSERT INTO `cp_sessions`(`session_id`,`class_id`,`session_number`,`session_date`,`note`,`created_at`) VALUES('5','1','5',NULL,NULL,'2025-12-10 06:03:25');
INSERT INTO `cp_sessions`(`session_id`,`class_id`,`session_number`,`session_date`,`note`,`created_at`) VALUES('6','1','6',NULL,NULL,'2025-12-10 06:03:25');
INSERT INTO `cp_sessions`(`session_id`,`class_id`,`session_number`,`session_date`,`note`,`created_at`) VALUES('7','1','7',NULL,NULL,'2025-12-10 06:03:25');
INSERT INTO `cp_sessions`(`session_id`,`class_id`,`session_number`,`session_date`,`note`,`created_at`) VALUES('8','1','8',NULL,NULL,'2025-12-10 06:03:25');
INSERT INTO `cp_sessions`(`session_id`,`class_id`,`session_number`,`session_date`,`note`,`created_at`) VALUES('9','1','9',NULL,NULL,'2025-12-10 06:03:25');
INSERT INTO `cp_sessions`(`session_id`,`class_id`,`session_number`,`session_date`,`note`,`created_at`) VALUES('10','1','10',NULL,NULL,'2025-12-10 06:03:25');
INSERT INTO `cp_sessions`(`session_id`,`class_id`,`session_number`,`session_date`,`note`,`created_at`) VALUES('11','1','11',NULL,NULL,'2025-12-10 06:03:25');
INSERT INTO `cp_sessions`(`session_id`,`class_id`,`session_number`,`session_date`,`note`,`created_at`) VALUES('12','1','12',NULL,NULL,'2025-12-10 06:03:25');
INSERT INTO `cp_sessions`(`session_id`,`class_id`,`session_number`,`session_date`,`note`,`created_at`) VALUES('13','1','13',NULL,NULL,'2025-12-10 06:03:25');
INSERT INTO `cp_sessions`(`session_id`,`class_id`,`session_number`,`session_date`,`note`,`created_at`) VALUES('14','1','14',NULL,NULL,'2025-12-10 06:03:25');
INSERT INTO `cp_sessions`(`session_id`,`class_id`,`session_number`,`session_date`,`note`,`created_at`) VALUES('15','1','15',NULL,NULL,'2025-12-10 06:03:25');
INSERT INTO `cp_sessions`(`session_id`,`class_id`,`session_number`,`session_date`,`note`,`created_at`) VALUES('16','1','16',NULL,NULL,'2025-12-10 06:03:25');
INSERT INTO `cp_sessions`(`session_id`,`class_id`,`session_number`,`session_date`,`note`,`created_at`) VALUES('17','1','17',NULL,NULL,'2025-12-10 06:03:25');
INSERT INTO `cp_sessions`(`session_id`,`class_id`,`session_number`,`session_date`,`note`,`created_at`) VALUES('18','1','18',NULL,NULL,'2025-12-10 06:03:25');
INSERT INTO `cp_sessions`(`session_id`,`class_id`,`session_number`,`session_date`,`note`,`created_at`) VALUES('19','1','19',NULL,NULL,'2025-12-10 06:03:25');
INSERT INTO `cp_sessions`(`session_id`,`class_id`,`session_number`,`session_date`,`note`,`created_at`) VALUES('20','1','20',NULL,NULL,'2025-12-10 06:03:25');
INSERT INTO `cp_sessions`(`session_id`,`class_id`,`session_number`,`session_date`,`note`,`created_at`) VALUES('21','1','21',NULL,NULL,'2025-12-10 06:03:25');
INSERT INTO `cp_sessions`(`session_id`,`class_id`,`session_number`,`session_date`,`note`,`created_at`) VALUES('22','1','22',NULL,NULL,'2025-12-10 06:03:25');
INSERT INTO `cp_sessions`(`session_id`,`class_id`,`session_number`,`session_date`,`note`,`created_at`) VALUES('23','1','23',NULL,NULL,'2025-12-10 06:03:25');
INSERT INTO `cp_sessions`(`session_id`,`class_id`,`session_number`,`session_date`,`note`,`created_at`) VALUES('24','1','24',NULL,NULL,'2025-12-10 06:03:25');
INSERT INTO `cp_sessions`(`session_id`,`class_id`,`session_number`,`session_date`,`note`,`created_at`) VALUES('25','1','25',NULL,NULL,'2025-12-10 06:03:25');
INSERT INTO `cp_sessions`(`session_id`,`class_id`,`session_number`,`session_date`,`note`,`created_at`) VALUES('26','1','26',NULL,NULL,'2025-12-10 06:03:25');
INSERT INTO `cp_sessions`(`session_id`,`class_id`,`session_number`,`session_date`,`note`,`created_at`) VALUES('27','1','27',NULL,NULL,'2025-12-10 06:03:25');
INSERT INTO `cp_sessions`(`session_id`,`class_id`,`session_number`,`session_date`,`note`,`created_at`) VALUES('28','1','28',NULL,NULL,'2025-12-10 06:03:25');
INSERT INTO `cp_sessions`(`session_id`,`class_id`,`session_number`,`session_date`,`note`,`created_at`) VALUES('29','1','29',NULL,NULL,'2025-12-10 06:03:25');
INSERT INTO `cp_sessions`(`session_id`,`class_id`,`session_number`,`session_date`,`note`,`created_at`) VALUES('30','1','30',NULL,NULL,'2025-12-10 06:03:25');
INSERT INTO `cp_sessions`(`session_id`,`class_id`,`session_number`,`session_date`,`note`,`created_at`) VALUES('31','1','31',NULL,NULL,'2025-12-10 06:03:25');
INSERT INTO `cp_sessions`(`session_id`,`class_id`,`session_number`,`session_date`,`note`,`created_at`) VALUES('32','1','32',NULL,NULL,'2025-12-10 06:03:25');
INSERT INTO `cp_sessions`(`session_id`,`class_id`,`session_number`,`session_date`,`note`,`created_at`) VALUES('33','1','33',NULL,NULL,'2025-12-10 06:03:25');
INSERT INTO `cp_sessions`(`session_id`,`class_id`,`session_number`,`session_date`,`note`,`created_at`) VALUES('34','1','34',NULL,NULL,'2025-12-10 06:03:25');
INSERT INTO `cp_sessions`(`session_id`,`class_id`,`session_number`,`session_date`,`note`,`created_at`) VALUES('35','1','35',NULL,NULL,'2025-12-10 06:03:25');
INSERT INTO `cp_sessions`(`session_id`,`class_id`,`session_number`,`session_date`,`note`,`created_at`) VALUES('36','1','36',NULL,NULL,'2025-12-10 06:03:25');
INSERT INTO `cp_sessions`(`session_id`,`class_id`,`session_number`,`session_date`,`note`,`created_at`) VALUES('37','1','37',NULL,NULL,'2025-12-10 06:03:25');
INSERT INTO `cp_sessions`(`session_id`,`class_id`,`session_number`,`session_date`,`note`,`created_at`) VALUES('38','1','38',NULL,NULL,'2025-12-10 06:03:25');
INSERT INTO `cp_sessions`(`session_id`,`class_id`,`session_number`,`session_date`,`note`,`created_at`) VALUES('39','1','39',NULL,NULL,'2025-12-10 06:03:25');
INSERT INTO `cp_sessions`(`session_id`,`class_id`,`session_number`,`session_date`,`note`,`created_at`) VALUES('40','1','40',NULL,NULL,'2025-12-10 06:03:25');
INSERT INTO `cp_sessions`(`session_id`,`class_id`,`session_number`,`session_date`,`note`,`created_at`) VALUES('41','1','41',NULL,NULL,'2025-12-10 06:03:25');
INSERT INTO `cp_sessions`(`session_id`,`class_id`,`session_number`,`session_date`,`note`,`created_at`) VALUES('42','1','42',NULL,NULL,'2025-12-10 06:03:25');
INSERT INTO `cp_sessions`(`session_id`,`class_id`,`session_number`,`session_date`,`note`,`created_at`) VALUES('127','4','1','2025-12-17',NULL,'2025-12-10 20:49:16');
INSERT INTO `cp_sessions`(`session_id`,`class_id`,`session_number`,`session_date`,`note`,`created_at`) VALUES('128','4','2','0001-01-01',NULL,'2025-12-10 20:49:16');
INSERT INTO `cp_sessions`(`session_id`,`class_id`,`session_number`,`session_date`,`note`,`created_at`) VALUES('129','4','3',NULL,NULL,'2025-12-10 20:49:16');
INSERT INTO `cp_sessions`(`session_id`,`class_id`,`session_number`,`session_date`,`note`,`created_at`) VALUES('130','4','4',NULL,NULL,'2025-12-10 20:49:16');
INSERT INTO `cp_sessions`(`session_id`,`class_id`,`session_number`,`session_date`,`note`,`created_at`) VALUES('131','4','5',NULL,NULL,'2025-12-10 20:49:16');
INSERT INTO `cp_sessions`(`session_id`,`class_id`,`session_number`,`session_date`,`note`,`created_at`) VALUES('132','4','6',NULL,NULL,'2025-12-10 20:49:16');
INSERT INTO `cp_sessions`(`session_id`,`class_id`,`session_number`,`session_date`,`note`,`created_at`) VALUES('133','4','7',NULL,NULL,'2025-12-10 20:49:16');
INSERT INTO `cp_sessions`(`session_id`,`class_id`,`session_number`,`session_date`,`note`,`created_at`) VALUES('134','4','8',NULL,NULL,'2025-12-10 20:49:16');
INSERT INTO `cp_sessions`(`session_id`,`class_id`,`session_number`,`session_date`,`note`,`created_at`) VALUES('135','4','9',NULL,NULL,'2025-12-10 20:49:16');
INSERT INTO `cp_sessions`(`session_id`,`class_id`,`session_number`,`session_date`,`note`,`created_at`) VALUES('136','4','10',NULL,NULL,'2025-12-10 20:49:16');
INSERT INTO `cp_sessions`(`session_id`,`class_id`,`session_number`,`session_date`,`note`,`created_at`) VALUES('137','4','11',NULL,NULL,'2025-12-10 20:49:16');
INSERT INTO `cp_sessions`(`session_id`,`class_id`,`session_number`,`session_date`,`note`,`created_at`) VALUES('138','4','12',NULL,NULL,'2025-12-10 20:49:16');
INSERT INTO `cp_sessions`(`session_id`,`class_id`,`session_number`,`session_date`,`note`,`created_at`) VALUES('139','4','13',NULL,NULL,'2025-12-10 20:49:16');
INSERT INTO `cp_sessions`(`session_id`,`class_id`,`session_number`,`session_date`,`note`,`created_at`) VALUES('140','4','14',NULL,NULL,'2025-12-10 20:49:16');
INSERT INTO `cp_sessions`(`session_id`,`class_id`,`session_number`,`session_date`,`note`,`created_at`) VALUES('141','4','15',NULL,NULL,'2025-12-10 20:49:16');
INSERT INTO `cp_sessions`(`session_id`,`class_id`,`session_number`,`session_date`,`note`,`created_at`) VALUES('142','4','16',NULL,NULL,'2025-12-10 20:49:16');
INSERT INTO `cp_sessions`(`session_id`,`class_id`,`session_number`,`session_date`,`note`,`created_at`) VALUES('143','4','17',NULL,NULL,'2025-12-10 20:49:16');
INSERT INTO `cp_sessions`(`session_id`,`class_id`,`session_number`,`session_date`,`note`,`created_at`) VALUES('144','4','18',NULL,NULL,'2025-12-10 20:49:16');
INSERT INTO `cp_sessions`(`session_id`,`class_id`,`session_number`,`session_date`,`note`,`created_at`) VALUES('145','4','19',NULL,NULL,'2025-12-10 20:49:16');
INSERT INTO `cp_sessions`(`session_id`,`class_id`,`session_number`,`session_date`,`note`,`created_at`) VALUES('146','4','20',NULL,NULL,'2025-12-10 20:49:16');
INSERT INTO `cp_sessions`(`session_id`,`class_id`,`session_number`,`session_date`,`note`,`created_at`) VALUES('147','4','21',NULL,NULL,'2025-12-10 20:49:16');
INSERT INTO `cp_sessions`(`session_id`,`class_id`,`session_number`,`session_date`,`note`,`created_at`) VALUES('148','4','22',NULL,NULL,'2025-12-10 20:49:16');
INSERT INTO `cp_sessions`(`session_id`,`class_id`,`session_number`,`session_date`,`note`,`created_at`) VALUES('149','4','23',NULL,NULL,'2025-12-10 20:49:16');
INSERT INTO `cp_sessions`(`session_id`,`class_id`,`session_number`,`session_date`,`note`,`created_at`) VALUES('150','4','24',NULL,NULL,'2025-12-10 20:49:16');
INSERT INTO `cp_sessions`(`session_id`,`class_id`,`session_number`,`session_date`,`note`,`created_at`) VALUES('151','4','25',NULL,NULL,'2025-12-10 20:49:16');
INSERT INTO `cp_sessions`(`session_id`,`class_id`,`session_number`,`session_date`,`note`,`created_at`) VALUES('152','4','26',NULL,NULL,'2025-12-10 20:49:16');
INSERT INTO `cp_sessions`(`session_id`,`class_id`,`session_number`,`session_date`,`note`,`created_at`) VALUES('153','4','27',NULL,NULL,'2025-12-10 20:49:16');
INSERT INTO `cp_sessions`(`session_id`,`class_id`,`session_number`,`session_date`,`note`,`created_at`) VALUES('154','4','28',NULL,NULL,'2025-12-10 20:49:16');
INSERT INTO `cp_sessions`(`session_id`,`class_id`,`session_number`,`session_date`,`note`,`created_at`) VALUES('155','4','29',NULL,NULL,'2025-12-10 20:49:16');
INSERT INTO `cp_sessions`(`session_id`,`class_id`,`session_number`,`session_date`,`note`,`created_at`) VALUES('156','4','30',NULL,NULL,'2025-12-10 20:49:16');
INSERT INTO `cp_sessions`(`session_id`,`class_id`,`session_number`,`session_date`,`note`,`created_at`) VALUES('157','4','31',NULL,NULL,'2025-12-10 20:49:16');
INSERT INTO `cp_sessions`(`session_id`,`class_id`,`session_number`,`session_date`,`note`,`created_at`) VALUES('158','4','32',NULL,NULL,'2025-12-10 20:49:16');
INSERT INTO `cp_sessions`(`session_id`,`class_id`,`session_number`,`session_date`,`note`,`created_at`) VALUES('159','4','33',NULL,NULL,'2025-12-10 20:49:16');
INSERT INTO `cp_sessions`(`session_id`,`class_id`,`session_number`,`session_date`,`note`,`created_at`) VALUES('160','4','34',NULL,NULL,'2025-12-10 20:49:16');
INSERT INTO `cp_sessions`(`session_id`,`class_id`,`session_number`,`session_date`,`note`,`created_at`) VALUES('161','4','35',NULL,NULL,'2025-12-10 20:49:16');
INSERT INTO `cp_sessions`(`session_id`,`class_id`,`session_number`,`session_date`,`note`,`created_at`) VALUES('162','4','36',NULL,NULL,'2025-12-10 20:49:16');
INSERT INTO `cp_sessions`(`session_id`,`class_id`,`session_number`,`session_date`,`note`,`created_at`) VALUES('163','4','37',NULL,NULL,'2025-12-10 20:49:16');
INSERT INTO `cp_sessions`(`session_id`,`class_id`,`session_number`,`session_date`,`note`,`created_at`) VALUES('164','4','38',NULL,NULL,'2025-12-10 20:49:16');
INSERT INTO `cp_sessions`(`session_id`,`class_id`,`session_number`,`session_date`,`note`,`created_at`) VALUES('165','4','39',NULL,NULL,'2025-12-10 20:49:16');
INSERT INTO `cp_sessions`(`session_id`,`class_id`,`session_number`,`session_date`,`note`,`created_at`) VALUES('166','4','40',NULL,NULL,'2025-12-10 20:49:16');
INSERT INTO `cp_sessions`(`session_id`,`class_id`,`session_number`,`session_date`,`note`,`created_at`) VALUES('167','4','41',NULL,NULL,'2025-12-10 20:49:16');
INSERT INTO `cp_sessions`(`session_id`,`class_id`,`session_number`,`session_date`,`note`,`created_at`) VALUES('168','4','42',NULL,NULL,'2025-12-10 20:49:16');
INSERT INTO `cp_sessions`(`session_id`,`class_id`,`session_number`,`session_date`,`note`,`created_at`) VALUES('211','6','1',NULL,NULL,'2025-12-11 00:10:44');
INSERT INTO `cp_sessions`(`session_id`,`class_id`,`session_number`,`session_date`,`note`,`created_at`) VALUES('212','6','2',NULL,NULL,'2025-12-11 00:10:44');
INSERT INTO `cp_sessions`(`session_id`,`class_id`,`session_number`,`session_date`,`note`,`created_at`) VALUES('213','6','3',NULL,NULL,'2025-12-11 00:10:44');
INSERT INTO `cp_sessions`(`session_id`,`class_id`,`session_number`,`session_date`,`note`,`created_at`) VALUES('214','6','4',NULL,NULL,'2025-12-11 00:10:44');
INSERT INTO `cp_sessions`(`session_id`,`class_id`,`session_number`,`session_date`,`note`,`created_at`) VALUES('215','6','5',NULL,NULL,'2025-12-11 00:10:44');
INSERT INTO `cp_sessions`(`session_id`,`class_id`,`session_number`,`session_date`,`note`,`created_at`) VALUES('216','6','6',NULL,NULL,'2025-12-11 00:10:44');
INSERT INTO `cp_sessions`(`session_id`,`class_id`,`session_number`,`session_date`,`note`,`created_at`) VALUES('217','6','7',NULL,NULL,'2025-12-11 00:10:44');
INSERT INTO `cp_sessions`(`session_id`,`class_id`,`session_number`,`session_date`,`note`,`created_at`) VALUES('218','6','8',NULL,NULL,'2025-12-11 00:10:44');
INSERT INTO `cp_sessions`(`session_id`,`class_id`,`session_number`,`session_date`,`note`,`created_at`) VALUES('219','6','9',NULL,NULL,'2025-12-11 00:10:44');
INSERT INTO `cp_sessions`(`session_id`,`class_id`,`session_number`,`session_date`,`note`,`created_at`) VALUES('220','6','10',NULL,NULL,'2025-12-11 00:10:44');
INSERT INTO `cp_sessions`(`session_id`,`class_id`,`session_number`,`session_date`,`note`,`created_at`) VALUES('221','6','11',NULL,NULL,'2025-12-11 00:10:44');
INSERT INTO `cp_sessions`(`session_id`,`class_id`,`session_number`,`session_date`,`note`,`created_at`) VALUES('222','6','12',NULL,NULL,'2025-12-11 00:10:44');
INSERT INTO `cp_sessions`(`session_id`,`class_id`,`session_number`,`session_date`,`note`,`created_at`) VALUES('223','6','13',NULL,NULL,'2025-12-11 00:10:44');
INSERT INTO `cp_sessions`(`session_id`,`class_id`,`session_number`,`session_date`,`note`,`created_at`) VALUES('224','6','14',NULL,NULL,'2025-12-11 00:10:44');
INSERT INTO `cp_sessions`(`session_id`,`class_id`,`session_number`,`session_date`,`note`,`created_at`) VALUES('225','6','15',NULL,NULL,'2025-12-11 00:10:44');
INSERT INTO `cp_sessions`(`session_id`,`class_id`,`session_number`,`session_date`,`note`,`created_at`) VALUES('226','6','16',NULL,NULL,'2025-12-11 00:10:44');
INSERT INTO `cp_sessions`(`session_id`,`class_id`,`session_number`,`session_date`,`note`,`created_at`) VALUES('227','6','17',NULL,NULL,'2025-12-11 00:10:44');
INSERT INTO `cp_sessions`(`session_id`,`class_id`,`session_number`,`session_date`,`note`,`created_at`) VALUES('228','6','18',NULL,NULL,'2025-12-11 00:10:44');
INSERT INTO `cp_sessions`(`session_id`,`class_id`,`session_number`,`session_date`,`note`,`created_at`) VALUES('229','6','19',NULL,NULL,'2025-12-11 00:10:44');
INSERT INTO `cp_sessions`(`session_id`,`class_id`,`session_number`,`session_date`,`note`,`created_at`) VALUES('230','6','20',NULL,NULL,'2025-12-11 00:10:44');
INSERT INTO `cp_sessions`(`session_id`,`class_id`,`session_number`,`session_date`,`note`,`created_at`) VALUES('231','6','21',NULL,NULL,'2025-12-11 00:10:44');
INSERT INTO `cp_sessions`(`session_id`,`class_id`,`session_number`,`session_date`,`note`,`created_at`) VALUES('232','6','22',NULL,NULL,'2025-12-11 00:10:44');
INSERT INTO `cp_sessions`(`session_id`,`class_id`,`session_number`,`session_date`,`note`,`created_at`) VALUES('233','6','23',NULL,NULL,'2025-12-11 00:10:44');
INSERT INTO `cp_sessions`(`session_id`,`class_id`,`session_number`,`session_date`,`note`,`created_at`) VALUES('234','6','24',NULL,NULL,'2025-12-11 00:10:44');
INSERT INTO `cp_sessions`(`session_id`,`class_id`,`session_number`,`session_date`,`note`,`created_at`) VALUES('235','6','25',NULL,NULL,'2025-12-11 00:10:44');
INSERT INTO `cp_sessions`(`session_id`,`class_id`,`session_number`,`session_date`,`note`,`created_at`) VALUES('236','6','26',NULL,NULL,'2025-12-11 00:10:44');
INSERT INTO `cp_sessions`(`session_id`,`class_id`,`session_number`,`session_date`,`note`,`created_at`) VALUES('237','6','27',NULL,NULL,'2025-12-11 00:10:44');
INSERT INTO `cp_sessions`(`session_id`,`class_id`,`session_number`,`session_date`,`note`,`created_at`) VALUES('238','6','28',NULL,NULL,'2025-12-11 00:10:44');
INSERT INTO `cp_sessions`(`session_id`,`class_id`,`session_number`,`session_date`,`note`,`created_at`) VALUES('239','6','29',NULL,NULL,'2025-12-11 00:10:44');
INSERT INTO `cp_sessions`(`session_id`,`class_id`,`session_number`,`session_date`,`note`,`created_at`) VALUES('240','6','30',NULL,NULL,'2025-12-11 00:10:44');
INSERT INTO `cp_sessions`(`session_id`,`class_id`,`session_number`,`session_date`,`note`,`created_at`) VALUES('241','6','31',NULL,NULL,'2025-12-11 00:10:44');
INSERT INTO `cp_sessions`(`session_id`,`class_id`,`session_number`,`session_date`,`note`,`created_at`) VALUES('242','6','32',NULL,NULL,'2025-12-11 00:10:44');
INSERT INTO `cp_sessions`(`session_id`,`class_id`,`session_number`,`session_date`,`note`,`created_at`) VALUES('243','6','33',NULL,NULL,'2025-12-11 00:10:44');
INSERT INTO `cp_sessions`(`session_id`,`class_id`,`session_number`,`session_date`,`note`,`created_at`) VALUES('244','6','34',NULL,NULL,'2025-12-11 00:10:44');
INSERT INTO `cp_sessions`(`session_id`,`class_id`,`session_number`,`session_date`,`note`,`created_at`) VALUES('245','6','35',NULL,NULL,'2025-12-11 00:10:44');
INSERT INTO `cp_sessions`(`session_id`,`class_id`,`session_number`,`session_date`,`note`,`created_at`) VALUES('246','6','36',NULL,NULL,'2025-12-11 00:10:44');
INSERT INTO `cp_sessions`(`session_id`,`class_id`,`session_number`,`session_date`,`note`,`created_at`) VALUES('247','6','37',NULL,NULL,'2025-12-11 00:10:44');
INSERT INTO `cp_sessions`(`session_id`,`class_id`,`session_number`,`session_date`,`note`,`created_at`) VALUES('248','6','38',NULL,NULL,'2025-12-11 00:10:44');
INSERT INTO `cp_sessions`(`session_id`,`class_id`,`session_number`,`session_date`,`note`,`created_at`) VALUES('249','6','39',NULL,NULL,'2025-12-11 00:10:44');
INSERT INTO `cp_sessions`(`session_id`,`class_id`,`session_number`,`session_date`,`note`,`created_at`) VALUES('250','6','40',NULL,NULL,'2025-12-11 00:10:44');
INSERT INTO `cp_sessions`(`session_id`,`class_id`,`session_number`,`session_date`,`note`,`created_at`) VALUES('251','6','41',NULL,NULL,'2025-12-11 00:10:44');
INSERT INTO `cp_sessions`(`session_id`,`class_id`,`session_number`,`session_date`,`note`,`created_at`) VALUES('252','6','42',NULL,NULL,'2025-12-11 00:10:44');
INSERT INTO `cp_sessions`(`session_id`,`class_id`,`session_number`,`session_date`,`note`,`created_at`) VALUES('253','7','1',NULL,NULL,'2025-12-14 19:37:10');
INSERT INTO `cp_sessions`(`session_id`,`class_id`,`session_number`,`session_date`,`note`,`created_at`) VALUES('254','7','2',NULL,NULL,'2025-12-14 19:37:10');
INSERT INTO `cp_sessions`(`session_id`,`class_id`,`session_number`,`session_date`,`note`,`created_at`) VALUES('255','7','3',NULL,NULL,'2025-12-14 19:37:10');
INSERT INTO `cp_sessions`(`session_id`,`class_id`,`session_number`,`session_date`,`note`,`created_at`) VALUES('256','7','4',NULL,NULL,'2025-12-14 19:37:10');
INSERT INTO `cp_sessions`(`session_id`,`class_id`,`session_number`,`session_date`,`note`,`created_at`) VALUES('257','7','5',NULL,NULL,'2025-12-14 19:37:10');
INSERT INTO `cp_sessions`(`session_id`,`class_id`,`session_number`,`session_date`,`note`,`created_at`) VALUES('258','7','6',NULL,NULL,'2025-12-14 19:37:10');
INSERT INTO `cp_sessions`(`session_id`,`class_id`,`session_number`,`session_date`,`note`,`created_at`) VALUES('259','7','7',NULL,NULL,'2025-12-14 19:37:10');
INSERT INTO `cp_sessions`(`session_id`,`class_id`,`session_number`,`session_date`,`note`,`created_at`) VALUES('260','7','8',NULL,NULL,'2025-12-14 19:37:10');
INSERT INTO `cp_sessions`(`session_id`,`class_id`,`session_number`,`session_date`,`note`,`created_at`) VALUES('261','7','9',NULL,NULL,'2025-12-14 19:37:10');
INSERT INTO `cp_sessions`(`session_id`,`class_id`,`session_number`,`session_date`,`note`,`created_at`) VALUES('262','7','10',NULL,NULL,'2025-12-14 19:37:10');
INSERT INTO `cp_sessions`(`session_id`,`class_id`,`session_number`,`session_date`,`note`,`created_at`) VALUES('263','7','11',NULL,NULL,'2025-12-14 19:37:10');
INSERT INTO `cp_sessions`(`session_id`,`class_id`,`session_number`,`session_date`,`note`,`created_at`) VALUES('264','7','12',NULL,NULL,'2025-12-14 19:37:10');
INSERT INTO `cp_sessions`(`session_id`,`class_id`,`session_number`,`session_date`,`note`,`created_at`) VALUES('265','7','13',NULL,NULL,'2025-12-14 19:37:10');
INSERT INTO `cp_sessions`(`session_id`,`class_id`,`session_number`,`session_date`,`note`,`created_at`) VALUES('266','7','14',NULL,NULL,'2025-12-14 19:37:10');
INSERT INTO `cp_sessions`(`session_id`,`class_id`,`session_number`,`session_date`,`note`,`created_at`) VALUES('267','7','15',NULL,NULL,'2025-12-14 19:37:10');
INSERT INTO `cp_sessions`(`session_id`,`class_id`,`session_number`,`session_date`,`note`,`created_at`) VALUES('268','7','16',NULL,NULL,'2025-12-14 19:37:10');
INSERT INTO `cp_sessions`(`session_id`,`class_id`,`session_number`,`session_date`,`note`,`created_at`) VALUES('269','7','17',NULL,NULL,'2025-12-14 19:37:10');
INSERT INTO `cp_sessions`(`session_id`,`class_id`,`session_number`,`session_date`,`note`,`created_at`) VALUES('270','7','18',NULL,NULL,'2025-12-14 19:37:10');
INSERT INTO `cp_sessions`(`session_id`,`class_id`,`session_number`,`session_date`,`note`,`created_at`) VALUES('271','7','19',NULL,NULL,'2025-12-14 19:37:10');
INSERT INTO `cp_sessions`(`session_id`,`class_id`,`session_number`,`session_date`,`note`,`created_at`) VALUES('272','7','20',NULL,NULL,'2025-12-14 19:37:10');
INSERT INTO `cp_sessions`(`session_id`,`class_id`,`session_number`,`session_date`,`note`,`created_at`) VALUES('273','7','21',NULL,NULL,'2025-12-14 19:37:10');
INSERT INTO `cp_sessions`(`session_id`,`class_id`,`session_number`,`session_date`,`note`,`created_at`) VALUES('274','7','22',NULL,NULL,'2025-12-14 19:37:10');
INSERT INTO `cp_sessions`(`session_id`,`class_id`,`session_number`,`session_date`,`note`,`created_at`) VALUES('275','7','23',NULL,NULL,'2025-12-14 19:37:10');
INSERT INTO `cp_sessions`(`session_id`,`class_id`,`session_number`,`session_date`,`note`,`created_at`) VALUES('276','7','24',NULL,NULL,'2025-12-14 19:37:10');
INSERT INTO `cp_sessions`(`session_id`,`class_id`,`session_number`,`session_date`,`note`,`created_at`) VALUES('277','7','25',NULL,NULL,'2025-12-14 19:37:10');
INSERT INTO `cp_sessions`(`session_id`,`class_id`,`session_number`,`session_date`,`note`,`created_at`) VALUES('278','7','26',NULL,NULL,'2025-12-14 19:37:10');
INSERT INTO `cp_sessions`(`session_id`,`class_id`,`session_number`,`session_date`,`note`,`created_at`) VALUES('279','7','27',NULL,NULL,'2025-12-14 19:37:10');
INSERT INTO `cp_sessions`(`session_id`,`class_id`,`session_number`,`session_date`,`note`,`created_at`) VALUES('280','7','28',NULL,NULL,'2025-12-14 19:37:10');
INSERT INTO `cp_sessions`(`session_id`,`class_id`,`session_number`,`session_date`,`note`,`created_at`) VALUES('281','7','29',NULL,NULL,'2025-12-14 19:37:10');
INSERT INTO `cp_sessions`(`session_id`,`class_id`,`session_number`,`session_date`,`note`,`created_at`) VALUES('282','7','30',NULL,NULL,'2025-12-14 19:37:10');
INSERT INTO `cp_sessions`(`session_id`,`class_id`,`session_number`,`session_date`,`note`,`created_at`) VALUES('283','7','31',NULL,NULL,'2025-12-14 19:37:10');
INSERT INTO `cp_sessions`(`session_id`,`class_id`,`session_number`,`session_date`,`note`,`created_at`) VALUES('284','7','32',NULL,NULL,'2025-12-14 19:37:10');
INSERT INTO `cp_sessions`(`session_id`,`class_id`,`session_number`,`session_date`,`note`,`created_at`) VALUES('285','7','33',NULL,NULL,'2025-12-14 19:37:10');
INSERT INTO `cp_sessions`(`session_id`,`class_id`,`session_number`,`session_date`,`note`,`created_at`) VALUES('286','7','34',NULL,NULL,'2025-12-14 19:37:10');
INSERT INTO `cp_sessions`(`session_id`,`class_id`,`session_number`,`session_date`,`note`,`created_at`) VALUES('287','7','35',NULL,NULL,'2025-12-14 19:37:10');
INSERT INTO `cp_sessions`(`session_id`,`class_id`,`session_number`,`session_date`,`note`,`created_at`) VALUES('288','7','36',NULL,NULL,'2025-12-14 19:37:10');
INSERT INTO `cp_sessions`(`session_id`,`class_id`,`session_number`,`session_date`,`note`,`created_at`) VALUES('289','7','37',NULL,NULL,'2025-12-14 19:37:10');
INSERT INTO `cp_sessions`(`session_id`,`class_id`,`session_number`,`session_date`,`note`,`created_at`) VALUES('290','7','38',NULL,NULL,'2025-12-14 19:37:10');
INSERT INTO `cp_sessions`(`session_id`,`class_id`,`session_number`,`session_date`,`note`,`created_at`) VALUES('291','7','39',NULL,NULL,'2025-12-14 19:37:10');
INSERT INTO `cp_sessions`(`session_id`,`class_id`,`session_number`,`session_date`,`note`,`created_at`) VALUES('292','7','40',NULL,NULL,'2025-12-14 19:37:10');
INSERT INTO `cp_sessions`(`session_id`,`class_id`,`session_number`,`session_date`,`note`,`created_at`) VALUES('293','7','41',NULL,NULL,'2025-12-14 19:37:10');
INSERT INTO `cp_sessions`(`session_id`,`class_id`,`session_number`,`session_date`,`note`,`created_at`) VALUES('294','7','42',NULL,NULL,'2025-12-14 19:37:10');
INSERT INTO `cp_sessions`(`session_id`,`class_id`,`session_number`,`session_date`,`note`,`created_at`) VALUES('295','8','1','2025-12-26',NULL,'2025-12-14 19:37:26');
INSERT INTO `cp_sessions`(`session_id`,`class_id`,`session_number`,`session_date`,`note`,`created_at`) VALUES('296','8','2',NULL,NULL,'2025-12-14 19:37:26');
INSERT INTO `cp_sessions`(`session_id`,`class_id`,`session_number`,`session_date`,`note`,`created_at`) VALUES('297','8','3',NULL,NULL,'2025-12-14 19:37:26');
INSERT INTO `cp_sessions`(`session_id`,`class_id`,`session_number`,`session_date`,`note`,`created_at`) VALUES('298','8','4',NULL,NULL,'2025-12-14 19:37:26');
INSERT INTO `cp_sessions`(`session_id`,`class_id`,`session_number`,`session_date`,`note`,`created_at`) VALUES('299','8','5',NULL,NULL,'2025-12-14 19:37:26');
INSERT INTO `cp_sessions`(`session_id`,`class_id`,`session_number`,`session_date`,`note`,`created_at`) VALUES('300','8','6',NULL,NULL,'2025-12-14 19:37:26');
INSERT INTO `cp_sessions`(`session_id`,`class_id`,`session_number`,`session_date`,`note`,`created_at`) VALUES('301','8','7',NULL,NULL,'2025-12-14 19:37:26');
INSERT INTO `cp_sessions`(`session_id`,`class_id`,`session_number`,`session_date`,`note`,`created_at`) VALUES('302','8','8',NULL,NULL,'2025-12-14 19:37:26');
INSERT INTO `cp_sessions`(`session_id`,`class_id`,`session_number`,`session_date`,`note`,`created_at`) VALUES('303','8','9',NULL,NULL,'2025-12-14 19:37:26');
INSERT INTO `cp_sessions`(`session_id`,`class_id`,`session_number`,`session_date`,`note`,`created_at`) VALUES('304','8','10',NULL,NULL,'2025-12-14 19:37:26');
INSERT INTO `cp_sessions`(`session_id`,`class_id`,`session_number`,`session_date`,`note`,`created_at`) VALUES('305','8','11',NULL,NULL,'2025-12-14 19:37:26');
INSERT INTO `cp_sessions`(`session_id`,`class_id`,`session_number`,`session_date`,`note`,`created_at`) VALUES('306','8','12',NULL,NULL,'2025-12-14 19:37:26');
INSERT INTO `cp_sessions`(`session_id`,`class_id`,`session_number`,`session_date`,`note`,`created_at`) VALUES('307','8','13',NULL,NULL,'2025-12-14 19:37:26');
INSERT INTO `cp_sessions`(`session_id`,`class_id`,`session_number`,`session_date`,`note`,`created_at`) VALUES('308','8','14',NULL,NULL,'2025-12-14 19:37:26');
INSERT INTO `cp_sessions`(`session_id`,`class_id`,`session_number`,`session_date`,`note`,`created_at`) VALUES('309','8','15',NULL,NULL,'2025-12-14 19:37:26');
INSERT INTO `cp_sessions`(`session_id`,`class_id`,`session_number`,`session_date`,`note`,`created_at`) VALUES('310','8','16',NULL,NULL,'2025-12-14 19:37:26');
INSERT INTO `cp_sessions`(`session_id`,`class_id`,`session_number`,`session_date`,`note`,`created_at`) VALUES('311','8','17',NULL,NULL,'2025-12-14 19:37:26');
INSERT INTO `cp_sessions`(`session_id`,`class_id`,`session_number`,`session_date`,`note`,`created_at`) VALUES('312','8','18',NULL,NULL,'2025-12-14 19:37:26');
INSERT INTO `cp_sessions`(`session_id`,`class_id`,`session_number`,`session_date`,`note`,`created_at`) VALUES('313','8','19',NULL,NULL,'2025-12-14 19:37:26');
INSERT INTO `cp_sessions`(`session_id`,`class_id`,`session_number`,`session_date`,`note`,`created_at`) VALUES('314','8','20',NULL,NULL,'2025-12-14 19:37:26');
INSERT INTO `cp_sessions`(`session_id`,`class_id`,`session_number`,`session_date`,`note`,`created_at`) VALUES('315','8','21',NULL,NULL,'2025-12-14 19:37:26');
INSERT INTO `cp_sessions`(`session_id`,`class_id`,`session_number`,`session_date`,`note`,`created_at`) VALUES('316','8','22',NULL,NULL,'2025-12-14 19:37:26');
INSERT INTO `cp_sessions`(`session_id`,`class_id`,`session_number`,`session_date`,`note`,`created_at`) VALUES('317','8','23',NULL,NULL,'2025-12-14 19:37:26');
INSERT INTO `cp_sessions`(`session_id`,`class_id`,`session_number`,`session_date`,`note`,`created_at`) VALUES('318','8','24',NULL,NULL,'2025-12-14 19:37:26');
INSERT INTO `cp_sessions`(`session_id`,`class_id`,`session_number`,`session_date`,`note`,`created_at`) VALUES('319','8','25',NULL,NULL,'2025-12-14 19:37:26');
INSERT INTO `cp_sessions`(`session_id`,`class_id`,`session_number`,`session_date`,`note`,`created_at`) VALUES('320','8','26',NULL,NULL,'2025-12-14 19:37:26');
INSERT INTO `cp_sessions`(`session_id`,`class_id`,`session_number`,`session_date`,`note`,`created_at`) VALUES('321','8','27',NULL,NULL,'2025-12-14 19:37:26');
INSERT INTO `cp_sessions`(`session_id`,`class_id`,`session_number`,`session_date`,`note`,`created_at`) VALUES('322','8','28',NULL,NULL,'2025-12-14 19:37:26');
INSERT INTO `cp_sessions`(`session_id`,`class_id`,`session_number`,`session_date`,`note`,`created_at`) VALUES('323','8','29',NULL,NULL,'2025-12-14 19:37:26');
INSERT INTO `cp_sessions`(`session_id`,`class_id`,`session_number`,`session_date`,`note`,`created_at`) VALUES('324','8','30',NULL,NULL,'2025-12-14 19:37:26');
INSERT INTO `cp_sessions`(`session_id`,`class_id`,`session_number`,`session_date`,`note`,`created_at`) VALUES('325','8','31',NULL,NULL,'2025-12-14 19:37:26');
INSERT INTO `cp_sessions`(`session_id`,`class_id`,`session_number`,`session_date`,`note`,`created_at`) VALUES('326','8','32',NULL,NULL,'2025-12-14 19:37:26');
INSERT INTO `cp_sessions`(`session_id`,`class_id`,`session_number`,`session_date`,`note`,`created_at`) VALUES('327','8','33',NULL,NULL,'2025-12-14 19:37:26');
INSERT INTO `cp_sessions`(`session_id`,`class_id`,`session_number`,`session_date`,`note`,`created_at`) VALUES('328','8','34',NULL,NULL,'2025-12-14 19:37:26');
INSERT INTO `cp_sessions`(`session_id`,`class_id`,`session_number`,`session_date`,`note`,`created_at`) VALUES('329','8','35',NULL,NULL,'2025-12-14 19:37:26');
INSERT INTO `cp_sessions`(`session_id`,`class_id`,`session_number`,`session_date`,`note`,`created_at`) VALUES('330','8','36',NULL,NULL,'2025-12-14 19:37:26');
INSERT INTO `cp_sessions`(`session_id`,`class_id`,`session_number`,`session_date`,`note`,`created_at`) VALUES('331','8','37',NULL,NULL,'2025-12-14 19:37:26');
INSERT INTO `cp_sessions`(`session_id`,`class_id`,`session_number`,`session_date`,`note`,`created_at`) VALUES('332','8','38',NULL,NULL,'2025-12-14 19:37:26');
INSERT INTO `cp_sessions`(`session_id`,`class_id`,`session_number`,`session_date`,`note`,`created_at`) VALUES('333','8','39',NULL,NULL,'2025-12-14 19:37:26');
INSERT INTO `cp_sessions`(`session_id`,`class_id`,`session_number`,`session_date`,`note`,`created_at`) VALUES('334','8','40',NULL,NULL,'2025-12-14 19:37:26');
INSERT INTO `cp_sessions`(`session_id`,`class_id`,`session_number`,`session_date`,`note`,`created_at`) VALUES('335','8','41',NULL,NULL,'2025-12-14 19:37:26');
INSERT INTO `cp_sessions`(`session_id`,`class_id`,`session_number`,`session_date`,`note`,`created_at`) VALUES('336','8','42',NULL,NULL,'2025-12-14 19:37:26');
INSERT INTO `cp_sessions`(`session_id`,`class_id`,`session_number`,`session_date`,`note`,`created_at`) VALUES('337','9','1',NULL,NULL,'2025-12-17 22:06:24');
INSERT INTO `cp_sessions`(`session_id`,`class_id`,`session_number`,`session_date`,`note`,`created_at`) VALUES('338','9','2',NULL,NULL,'2025-12-17 22:06:24');
INSERT INTO `cp_sessions`(`session_id`,`class_id`,`session_number`,`session_date`,`note`,`created_at`) VALUES('339','9','3',NULL,NULL,'2025-12-17 22:06:24');
INSERT INTO `cp_sessions`(`session_id`,`class_id`,`session_number`,`session_date`,`note`,`created_at`) VALUES('340','9','4',NULL,NULL,'2025-12-17 22:06:24');
INSERT INTO `cp_sessions`(`session_id`,`class_id`,`session_number`,`session_date`,`note`,`created_at`) VALUES('341','9','5',NULL,NULL,'2025-12-17 22:06:24');
INSERT INTO `cp_sessions`(`session_id`,`class_id`,`session_number`,`session_date`,`note`,`created_at`) VALUES('342','9','6',NULL,NULL,'2025-12-17 22:06:24');
INSERT INTO `cp_sessions`(`session_id`,`class_id`,`session_number`,`session_date`,`note`,`created_at`) VALUES('343','9','7',NULL,NULL,'2025-12-17 22:06:24');
INSERT INTO `cp_sessions`(`session_id`,`class_id`,`session_number`,`session_date`,`note`,`created_at`) VALUES('344','9','8',NULL,NULL,'2025-12-17 22:06:24');
INSERT INTO `cp_sessions`(`session_id`,`class_id`,`session_number`,`session_date`,`note`,`created_at`) VALUES('345','9','9',NULL,NULL,'2025-12-17 22:06:24');
INSERT INTO `cp_sessions`(`session_id`,`class_id`,`session_number`,`session_date`,`note`,`created_at`) VALUES('346','9','10',NULL,NULL,'2025-12-17 22:06:24');
INSERT INTO `cp_sessions`(`session_id`,`class_id`,`session_number`,`session_date`,`note`,`created_at`) VALUES('347','9','11',NULL,NULL,'2025-12-17 22:06:24');
INSERT INTO `cp_sessions`(`session_id`,`class_id`,`session_number`,`session_date`,`note`,`created_at`) VALUES('348','9','12',NULL,NULL,'2025-12-17 22:06:24');
INSERT INTO `cp_sessions`(`session_id`,`class_id`,`session_number`,`session_date`,`note`,`created_at`) VALUES('349','9','13',NULL,NULL,'2025-12-17 22:06:24');
INSERT INTO `cp_sessions`(`session_id`,`class_id`,`session_number`,`session_date`,`note`,`created_at`) VALUES('350','9','14',NULL,NULL,'2025-12-17 22:06:24');
INSERT INTO `cp_sessions`(`session_id`,`class_id`,`session_number`,`session_date`,`note`,`created_at`) VALUES('351','9','15',NULL,NULL,'2025-12-17 22:06:24');
INSERT INTO `cp_sessions`(`session_id`,`class_id`,`session_number`,`session_date`,`note`,`created_at`) VALUES('352','9','16',NULL,NULL,'2025-12-17 22:06:24');
INSERT INTO `cp_sessions`(`session_id`,`class_id`,`session_number`,`session_date`,`note`,`created_at`) VALUES('353','9','17',NULL,NULL,'2025-12-17 22:06:24');
INSERT INTO `cp_sessions`(`session_id`,`class_id`,`session_number`,`session_date`,`note`,`created_at`) VALUES('354','9','18',NULL,NULL,'2025-12-17 22:06:24');
INSERT INTO `cp_sessions`(`session_id`,`class_id`,`session_number`,`session_date`,`note`,`created_at`) VALUES('355','9','19',NULL,NULL,'2025-12-17 22:06:24');
INSERT INTO `cp_sessions`(`session_id`,`class_id`,`session_number`,`session_date`,`note`,`created_at`) VALUES('356','9','20',NULL,NULL,'2025-12-17 22:06:24');
INSERT INTO `cp_sessions`(`session_id`,`class_id`,`session_number`,`session_date`,`note`,`created_at`) VALUES('357','9','21',NULL,NULL,'2025-12-17 22:06:24');
INSERT INTO `cp_sessions`(`session_id`,`class_id`,`session_number`,`session_date`,`note`,`created_at`) VALUES('358','9','22',NULL,NULL,'2025-12-17 22:06:24');
INSERT INTO `cp_sessions`(`session_id`,`class_id`,`session_number`,`session_date`,`note`,`created_at`) VALUES('359','9','23',NULL,NULL,'2025-12-17 22:06:24');
INSERT INTO `cp_sessions`(`session_id`,`class_id`,`session_number`,`session_date`,`note`,`created_at`) VALUES('360','9','24',NULL,NULL,'2025-12-17 22:06:24');
INSERT INTO `cp_sessions`(`session_id`,`class_id`,`session_number`,`session_date`,`note`,`created_at`) VALUES('361','9','25',NULL,NULL,'2025-12-17 22:06:24');
INSERT INTO `cp_sessions`(`session_id`,`class_id`,`session_number`,`session_date`,`note`,`created_at`) VALUES('362','9','26',NULL,NULL,'2025-12-17 22:06:24');
INSERT INTO `cp_sessions`(`session_id`,`class_id`,`session_number`,`session_date`,`note`,`created_at`) VALUES('363','9','27',NULL,NULL,'2025-12-17 22:06:24');
INSERT INTO `cp_sessions`(`session_id`,`class_id`,`session_number`,`session_date`,`note`,`created_at`) VALUES('364','9','28',NULL,NULL,'2025-12-17 22:06:24');
INSERT INTO `cp_sessions`(`session_id`,`class_id`,`session_number`,`session_date`,`note`,`created_at`) VALUES('365','9','29',NULL,NULL,'2025-12-17 22:06:24');
INSERT INTO `cp_sessions`(`session_id`,`class_id`,`session_number`,`session_date`,`note`,`created_at`) VALUES('366','9','30',NULL,NULL,'2025-12-17 22:06:24');
INSERT INTO `cp_sessions`(`session_id`,`class_id`,`session_number`,`session_date`,`note`,`created_at`) VALUES('367','9','31',NULL,NULL,'2025-12-17 22:06:24');
INSERT INTO `cp_sessions`(`session_id`,`class_id`,`session_number`,`session_date`,`note`,`created_at`) VALUES('368','9','32',NULL,NULL,'2025-12-17 22:06:24');
INSERT INTO `cp_sessions`(`session_id`,`class_id`,`session_number`,`session_date`,`note`,`created_at`) VALUES('369','9','33',NULL,NULL,'2025-12-17 22:06:24');
INSERT INTO `cp_sessions`(`session_id`,`class_id`,`session_number`,`session_date`,`note`,`created_at`) VALUES('370','9','34',NULL,NULL,'2025-12-17 22:06:24');
INSERT INTO `cp_sessions`(`session_id`,`class_id`,`session_number`,`session_date`,`note`,`created_at`) VALUES('371','9','35',NULL,NULL,'2025-12-17 22:06:24');
INSERT INTO `cp_sessions`(`session_id`,`class_id`,`session_number`,`session_date`,`note`,`created_at`) VALUES('372','9','36',NULL,NULL,'2025-12-17 22:06:24');
INSERT INTO `cp_sessions`(`session_id`,`class_id`,`session_number`,`session_date`,`note`,`created_at`) VALUES('373','9','37',NULL,NULL,'2025-12-17 22:06:24');
INSERT INTO `cp_sessions`(`session_id`,`class_id`,`session_number`,`session_date`,`note`,`created_at`) VALUES('374','9','38',NULL,NULL,'2025-12-17 22:06:24');
INSERT INTO `cp_sessions`(`session_id`,`class_id`,`session_number`,`session_date`,`note`,`created_at`) VALUES('375','9','39',NULL,NULL,'2025-12-17 22:06:24');
INSERT INTO `cp_sessions`(`session_id`,`class_id`,`session_number`,`session_date`,`note`,`created_at`) VALUES('376','9','40',NULL,NULL,'2025-12-17 22:06:24');
INSERT INTO `cp_sessions`(`session_id`,`class_id`,`session_number`,`session_date`,`note`,`created_at`) VALUES('377','9','41',NULL,NULL,'2025-12-17 22:06:24');
INSERT INTO `cp_sessions`(`session_id`,`class_id`,`session_number`,`session_date`,`note`,`created_at`) VALUES('378','9','42',NULL,NULL,'2025-12-17 22:06:24');

CREATE TABLE `cp_topics` (
  `topic_id` int NOT NULL AUTO_INCREMENT,
  `session_id` int NOT NULL,
  `topic_title` varchar(255) NOT NULL,
  `file_path` varchar(500) DEFAULT NULL,
  `created_at` timestamp NULL DEFAULT CURRENT_TIMESTAMP,
  PRIMARY KEY (`topic_id`),
  KEY `idx_session` (`session_id`),
  CONSTRAINT `fk_topics_session` FOREIGN KEY (`session_id`) REFERENCES `cp_sessions` (`session_id`) ON DELETE CASCADE
) ENGINE=InnoDB AUTO_INCREMENT=209 DEFAULT CHARSET=utf8mb4 COLLATE=utf8mb4_0900_ai_ci;

INSERT INTO `cp_topics`(`topic_id`,`session_id`,`topic_title`,`file_path`,`created_at`) VALUES('7','1','HW: YEAR 7 Algebra Cal Allowed Test 3','uploads/topic_1_1765336590.pdf','2025-12-10 14:16:30');
INSERT INTO `cp_topics`(`topic_id`,`session_id`,`topic_title`,`file_path`,`created_at`) VALUES('9','127','HW: YEAR 6 Algebra, Function & Patterns Test 1','uploads/topic_127_1765360946.pdf','2025-12-10 21:02:26');
INSERT INTO `cp_topics`(`topic_id`,`session_id`,`topic_title`,`file_path`,`created_at`) VALUES('10','128','HW: YEAR 6 Algebra, Function & Patterns Test 2','uploads/topic_128_1765361472.pdf','2025-12-10 21:11:12');
INSERT INTO `cp_topics`(`topic_id`,`session_id`,`topic_title`,`file_path`,`created_at`) VALUES('11','129','HW: YEAR 6 Algebra, Function & Patterns Test 3','uploads/topic_129_1765361484.pdf','2025-12-10 21:11:24');
INSERT INTO `cp_topics`(`topic_id`,`session_id`,`topic_title`,`file_path`,`created_at`) VALUES('12','130','HW: YEAR 6 Algebra, Function & Patterns Test 4','uploads/topic_130_1765361504.pdf','2025-12-10 21:11:44');
INSERT INTO `cp_topics`(`topic_id`,`session_id`,`topic_title`,`file_path`,`created_at`) VALUES('13','131','HW: YEAR 6 Geometry Test 1','uploads/topic_131_1765361533.pdf','2025-12-10 21:12:13');
INSERT INTO `cp_topics`(`topic_id`,`session_id`,`topic_title`,`file_path`,`created_at`) VALUES('14','132','HW: YEAR 6 Geometry Test 2','uploads/topic_132_1765361550.pdf','2025-12-10 21:12:30');
INSERT INTO `cp_topics`(`topic_id`,`session_id`,`topic_title`,`file_path`,`created_at`) VALUES('15','133','HW: YEAR 6 Geometry Test 3','uploads/topic_133_1765361567.pdf','2025-12-10 21:12:47');
INSERT INTO `cp_topics`(`topic_id`,`session_id`,`topic_title`,`file_path`,`created_at`) VALUES('16','134','HW: YEAR 6 Geometry Test 4','uploads/topic_134_1765361582.pdf','2025-12-10 21:13:02');
INSERT INTO `cp_topics`(`topic_id`,`session_id`,`topic_title`,`file_path`,`created_at`) VALUES('17','135','HW: YEAR 6 Mathematics Test - Free Test','uploads/topic_135_1765361606.pdf','2025-12-10 21:13:26');
INSERT INTO `cp_topics`(`topic_id`,`session_id`,`topic_title`,`file_path`,`created_at`) VALUES('18','136','HW: YEAR 6 Mathematics Test 1-1','uploads/topic_136_1765366197.pdf','2025-12-10 22:29:57');
INSERT INTO `cp_topics`(`topic_id`,`session_id`,`topic_title`,`file_path`,`created_at`) VALUES('19','137','HW: YEAR 6 Mathematics Test 1-2','uploads/topic_137_1765366221.pdf','2025-12-10 22:30:21');
INSERT INTO `cp_topics`(`topic_id`,`session_id`,`topic_title`,`file_path`,`created_at`) VALUES('20','138','HW: YEAR 6 Mathematics Test 2-1','uploads/topic_138_1765366267.pdf','2025-12-10 22:31:07');
INSERT INTO `cp_topics`(`topic_id`,`session_id`,`topic_title`,`file_path`,`created_at`) VALUES('21','139','HW: YEAR 6 Mathematics Test 2-2','uploads/topic_139_1765366283.pdf','2025-12-10 22:31:23');
INSERT INTO `cp_topics`(`topic_id`,`session_id`,`topic_title`,`file_path`,`created_at`) VALUES('22','140','HW: YEAR 6 Mathematics Test 3-1','uploads/topic_140_1765366306.pdf','2025-12-10 22:31:46');
INSERT INTO `cp_topics`(`topic_id`,`session_id`,`topic_title`,`file_path`,`created_at`) VALUES('23','141','HW: YEAR 6 Mathematics Test 3-2','uploads/topic_141_1765366321.pdf','2025-12-10 22:32:01');
INSERT INTO `cp_topics`(`topic_id`,`session_id`,`topic_title`,`file_path`,`created_at`) VALUES('24','142','HW: YEAR 6 Mathematics Test 4-1','uploads/topic_142_1765366347.pdf','2025-12-10 22:32:27');
INSERT INTO `cp_topics`(`topic_id`,`session_id`,`topic_title`,`file_path`,`created_at`) VALUES('25','143','HW: YEAR 6 Mathematics Test 4-2','uploads/topic_143_1765366362.pdf','2025-12-10 22:32:42');
INSERT INTO `cp_topics`(`topic_id`,`session_id`,`topic_title`,`file_path`,`created_at`) VALUES('26','144','HW: YEAR 6 Mathematics Test 5-1','uploads/topic_144_1765366383.pdf','2025-12-10 22:33:03');
INSERT INTO `cp_topics`(`topic_id`,`session_id`,`topic_title`,`file_path`,`created_at`) VALUES('27','145','HW: YEAR 6 Mathematics Test 5-2','uploads/topic_145_1765366397.pdf','2025-12-10 22:33:17');
INSERT INTO `cp_topics`(`topic_id`,`session_id`,`topic_title`,`file_path`,`created_at`) VALUES('28','146','HW: YEAR 6 Mathematics Test 6-1','uploads/topic_146_1765366749.pdf','2025-12-10 22:39:09');
INSERT INTO `cp_topics`(`topic_id`,`session_id`,`topic_title`,`file_path`,`created_at`) VALUES('29','147','HW: YEAR 6 Mathematics Test 6-2','uploads/topic_147_1765366907.pdf','2025-12-10 22:41:47');
INSERT INTO `cp_topics`(`topic_id`,`session_id`,`topic_title`,`file_path`,`created_at`) VALUES('30','148','HW: YEAR 6 Measurement Test 1','uploads/topic_148_1765366935.pdf','2025-12-10 22:42:15');
INSERT INTO `cp_topics`(`topic_id`,`session_id`,`topic_title`,`file_path`,`created_at`) VALUES('31','149','HW: YEAR 6 Measurement Test 2','uploads/topic_149_1765366954.pdf','2025-12-10 22:42:34');
INSERT INTO `cp_topics`(`topic_id`,`session_id`,`topic_title`,`file_path`,`created_at`) VALUES('32','150','HW: YEAR 6 Measurement Test 3','uploads/topic_150_1765366970.pdf','2025-12-10 22:42:50');
INSERT INTO `cp_topics`(`topic_id`,`session_id`,`topic_title`,`file_path`,`created_at`) VALUES('33','151','HW: YEAR 6 Measurement Test 4','uploads/topic_151_1765366987.pdf','2025-12-10 22:43:07');
INSERT INTO `cp_topics`(`topic_id`,`session_id`,`topic_title`,`file_path`,`created_at`) VALUES('34','152','HW: YEAR 6 Number Test 1','uploads/topic_152_1765367010.pdf','2025-12-10 22:43:30');
INSERT INTO `cp_topics`(`topic_id`,`session_id`,`topic_title`,`file_path`,`created_at`) VALUES('36','153','HW: YEAR 6 Number Test 2','uploads/topic_153_1765367050.pdf','2025-12-10 22:44:10');
INSERT INTO `cp_topics`(`topic_id`,`session_id`,`topic_title`,`file_path`,`created_at`) VALUES('37','154','HW: YEAR 6 Number Test 3','uploads/topic_154_1765367063.pdf','2025-12-10 22:44:23');
INSERT INTO `cp_topics`(`topic_id`,`session_id`,`topic_title`,`file_path`,`created_at`) VALUES('38','155','HW: YEAR 6 Number Test 4','uploads/topic_155_1765367077.pdf','2025-12-10 22:44:37');
INSERT INTO `cp_topics`(`topic_id`,`session_id`,`topic_title`,`file_path`,`created_at`) VALUES('39','127','ICAS Maths 2004','uploads/topic_127_1765367745.pdf','2025-12-10 22:55:45');
INSERT INTO `cp_topics`(`topic_id`,`session_id`,`topic_title`,`file_path`,`created_at`) VALUES('40','128','ICAS Maths 2005','uploads/topic_128_1765367762.pdf','2025-12-10 22:56:02');
INSERT INTO `cp_topics`(`topic_id`,`session_id`,`topic_title`,`file_path`,`created_at`) VALUES('41','129','ICAS Maths 2006','uploads/topic_129_1765367775.pdf','2025-12-10 22:56:15');
INSERT INTO `cp_topics`(`topic_id`,`session_id`,`topic_title`,`file_path`,`created_at`) VALUES('42','130','ICAS Maths 2007','uploads/topic_130_1765367788.pdf','2025-12-10 22:56:28');
INSERT INTO `cp_topics`(`topic_id`,`session_id`,`topic_title`,`file_path`,`created_at`) VALUES('43','131','ICAS Maths 2009','uploads/topic_131_1765367800.pdf','2025-12-10 22:56:40');
INSERT INTO `cp_topics`(`topic_id`,`session_id`,`topic_title`,`file_path`,`created_at`) VALUES('44','132','ICAS Maths 2010','uploads/topic_132_1765367816.pdf','2025-12-10 22:56:56');
INSERT INTO `cp_topics`(`topic_id`,`session_id`,`topic_title`,`file_path`,`created_at`) VALUES('45','133','ICAS Maths 2011','uploads/topic_133_1765367836.pdf','2025-12-10 22:57:16');
INSERT INTO `cp_topics`(`topic_id`,`session_id`,`topic_title`,`file_path`,`created_at`) VALUES('46','134','ICAS Maths 2012','uploads/topic_134_1765367848.pdf','2025-12-10 22:57:28');
INSERT INTO `cp_topics`(`topic_id`,`session_id`,`topic_title`,`file_path`,`created_at`) VALUES('47','135','ICAS Maths 2013','uploads/topic_135_1765367861.pdf','2025-12-10 22:57:41');
INSERT INTO `cp_topics`(`topic_id`,`session_id`,`topic_title`,`file_path`,`created_at`) VALUES('48','136','ICAS Maths 2014','uploads/topic_136_1765367874.pdf','2025-12-10 22:57:54');
INSERT INTO `cp_topics`(`topic_id`,`session_id`,`topic_title`,`file_path`,`created_at`) VALUES('49','137','ICAS Maths 2015','uploads/topic_137_1765367890.pdf','2025-12-10 22:58:10');
INSERT INTO `cp_topics`(`topic_id`,`session_id`,`topic_title`,`file_path`,`created_at`) VALUES('50','138','ICAS Maths 2016','uploads/topic_138_1765367905.pdf','2025-12-10 22:58:25');
INSERT INTO `cp_topics`(`topic_id`,`session_id`,`topic_title`,`file_path`,`created_at`) VALUES('51','139','ICAS Maths 2017','uploads/topic_139_1765367920.pdf','2025-12-10 22:58:40');
INSERT INTO `cp_topics`(`topic_id`,`session_id`,`topic_title`,`file_path`,`created_at`) VALUES('52','140','ICAS Maths 2018','uploads/topic_140_1765367943.pdf','2025-12-10 22:59:03');
INSERT INTO `cp_topics`(`topic_id`,`session_id`,`topic_title`,`file_path`,`created_at`) VALUES('53','141','ICAS Maths 2019','uploads/topic_141_1765367962.pdf','2025-12-10 22:59:22');
INSERT INTO `cp_topics`(`topic_id`,`session_id`,`topic_title`,`file_path`,`created_at`) VALUES('54','142','ICAS Maths 2020','uploads/topic_142_1765367977.pdf','2025-12-10 22:59:37');
INSERT INTO `cp_topics`(`topic_id`,`session_id`,`topic_title`,`file_path`,`created_at`) VALUES('55','143','ICAS Maths 2021','uploads/topic_143_1765367991.pdf','2025-12-10 22:59:51');
INSERT INTO `cp_topics`(`topic_id`,`session_id`,`topic_title`,`file_path`,`created_at`) VALUES('56','1','ICAS Maths 2017','uploads/topic_1_1765368717.pdf','2025-12-10 23:11:57');
INSERT INTO `cp_topics`(`topic_id`,`session_id`,`topic_title`,`file_path`,`created_at`) VALUES('57','2','HW: YEAR 7 Algebra Cal Allowed Test 4','uploads/topic_2_1765370238.pdf','2025-12-10 23:37:18');
INSERT INTO `cp_topics`(`topic_id`,`session_id`,`topic_title`,`file_path`,`created_at`) VALUES('58','3','HW: YEAR 7 Algebra Non-calculator Test 1','uploads/topic_3_1765370265.pdf','2025-12-10 23:37:45');
INSERT INTO `cp_topics`(`topic_id`,`session_id`,`topic_title`,`file_path`,`created_at`) VALUES('59','4','HW: YEAR 7 Algebra Non-calculator Test 2','uploads/topic_4_1765370290.pdf','2025-12-10 23:38:10');
INSERT INTO `cp_topics`(`topic_id`,`session_id`,`topic_title`,`file_path`,`created_at`) VALUES('60','5','HW: YEAR 7 Geometry Calculator Allowed Test 3','uploads/topic_5_1765370505.pdf','2025-12-10 23:41:45');
INSERT INTO `cp_topics`(`topic_id`,`session_id`,`topic_title`,`file_path`,`created_at`) VALUES('61','6','HW: YEAR 7 Geometry Calculator Allowed Test 4','uploads/topic_6_1765370746.pdf','2025-12-10 23:45:46');
INSERT INTO `cp_topics`(`topic_id`,`session_id`,`topic_title`,`file_path`,`created_at`) VALUES('62','7','HW: YEAR 7 Geometry Non-calculator Test 1','uploads/topic_7_1765370779.pdf','2025-12-10 23:46:19');
INSERT INTO `cp_topics`(`topic_id`,`session_id`,`topic_title`,`file_path`,`created_at`) VALUES('63','8','HW: YEAR 7 Geometry Non-calculator Test 2','uploads/topic_8_1765370805.pdf','2025-12-10 23:46:45');
INSERT INTO `cp_topics`(`topic_id`,`session_id`,`topic_title`,`file_path`,`created_at`) VALUES('64','9','HW: YEAR 7 Measurement Calculator Allowed Test 3','uploads/topic_9_1765370897.pdf','2025-12-10 23:48:17');
INSERT INTO `cp_topics`(`topic_id`,`session_id`,`topic_title`,`file_path`,`created_at`) VALUES('65','10','HW: YEAR 7 Measurement Calculator Allowed Test 4','uploads/topic_10_1765370926.pdf','2025-12-10 23:48:46');
INSERT INTO `cp_topics`(`topic_id`,`session_id`,`topic_title`,`file_path`,`created_at`) VALUES('66','11','HW: YEAR 7 Measurement Non-calculator Test 1','uploads/topic_11_1765370958.pdf','2025-12-10 23:49:18');
INSERT INTO `cp_topics`(`topic_id`,`session_id`,`topic_title`,`file_path`,`created_at`) VALUES('67','12','HW: YEAR 7 Measurement Non-calculator Test 2','uploads/topic_12_1765370974.pdf','2025-12-10 23:49:34');
INSERT INTO `cp_topics`(`topic_id`,`session_id`,`topic_title`,`file_path`,`created_at`) VALUES('68','13','HW: YEAR 7 Number Calculator Allowed Test 3','uploads/topic_13_1765371015.pdf','2025-12-10 23:50:15');
INSERT INTO `cp_topics`(`topic_id`,`session_id`,`topic_title`,`file_path`,`created_at`) VALUES('69','14','HW: YEAR 7 Number Calculator Allowed Test 4','uploads/topic_14_1765371039.pdf','2025-12-10 23:50:39');
INSERT INTO `cp_topics`(`topic_id`,`session_id`,`topic_title`,`file_path`,`created_at`) VALUES('70','15','HW: YEAR 7 Number Non-calculator Test 1','uploads/topic_15_1765371062.pdf','2025-12-10 23:51:02');
INSERT INTO `cp_topics`(`topic_id`,`session_id`,`topic_title`,`file_path`,`created_at`) VALUES('71','16','HW: YEAR 7 Number Non-calculator Test 2','uploads/topic_16_1765371080.pdf','2025-12-10 23:51:20');
INSERT INTO `cp_topics`(`topic_id`,`session_id`,`topic_title`,`file_path`,`created_at`) VALUES('72','17','HW: YEAR 7 Numeracy Calculator Allowed Test 1-1','uploads/topic_17_1765371113.pdf','2025-12-10 23:51:53');
INSERT INTO `cp_topics`(`topic_id`,`session_id`,`topic_title`,`file_path`,`created_at`) VALUES('73','18','HW: YEAR 7 Numeracy Calculator Allowed Test 1-2','uploads/topic_18_1765371134.pdf','2025-12-10 23:52:14');
INSERT INTO `cp_topics`(`topic_id`,`session_id`,`topic_title`,`file_path`,`created_at`) VALUES('74','19','HW: YEAR 7 Numeracy Calculator Allowed Test 2-1','uploads/topic_19_1765371162.pdf','2025-12-10 23:52:42');
INSERT INTO `cp_topics`(`topic_id`,`session_id`,`topic_title`,`file_path`,`created_at`) VALUES('75','20','HW: YEAR 7 Numeracy Calculator Allowed Test 2-2','uploads/topic_20_1765371179.pdf','2025-12-10 23:52:59');
INSERT INTO `cp_topics`(`topic_id`,`session_id`,`topic_title`,`file_path`,`created_at`) VALUES('76','21','HW: YEAR 7 Numeracy Calculator Allowed Test 3-1','uploads/topic_21_1765371204.pdf','2025-12-10 23:53:24');
INSERT INTO `cp_topics`(`topic_id`,`session_id`,`topic_title`,`file_path`,`created_at`) VALUES('77','22','HW: YEAR 7 Numeracy Calculator Allowed Test 3-2','uploads/topic_22_1765371222.pdf','2025-12-10 23:53:42');
INSERT INTO `cp_topics`(`topic_id`,`session_id`,`topic_title`,`file_path`,`created_at`) VALUES('78','23','HW: YEAR 7 Numeracy Non-calculator Test 1-1','uploads/topic_23_1765371249.pdf','2025-12-10 23:54:09');
INSERT INTO `cp_topics`(`topic_id`,`session_id`,`topic_title`,`file_path`,`created_at`) VALUES('79','24','HW: YEAR 7 Numeracy Non-calculator Test 1-2','uploads/topic_24_1765371266.pdf','2025-12-10 23:54:26');
INSERT INTO `cp_topics`(`topic_id`,`session_id`,`topic_title`,`file_path`,`created_at`) VALUES('80','25','HW: YEAR 7 Numeracy Non-calculator Test 2-1','uploads/topic_25_1765371289.pdf','2025-12-10 23:54:49');
INSERT INTO `cp_topics`(`topic_id`,`session_id`,`topic_title`,`file_path`,`created_at`) VALUES('81','26','HW: YEAR 7 Numeracy Non-calculator Test 2-2','uploads/topic_26_1765371313.pdf','2025-12-10 23:55:13');
INSERT INTO `cp_topics`(`topic_id`,`session_id`,`topic_title`,`file_path`,`created_at`) VALUES('82','27','HW: YEAR 7 Numeracy Non-calculator Test 3-1','uploads/topic_27_1765371333.pdf','2025-12-10 23:55:33');
INSERT INTO `cp_topics`(`topic_id`,`session_id`,`topic_title`,`file_path`,`created_at`) VALUES('83','28','HW: YEAR 7 Numeracy Non-calculator Test 3-2','uploads/topic_28_1765371350.pdf','2025-12-10 23:55:50');
INSERT INTO `cp_topics`(`topic_id`,`session_id`,`topic_title`,`file_path`,`created_at`) VALUES('84','29','HW: YEAR 7 Numeracy Test','uploads/topic_29_1765371382.pdf','2025-12-10 23:56:22');
INSERT INTO `cp_topics`(`topic_id`,`session_id`,`topic_title`,`file_path`,`created_at`) VALUES('85','2','ICAS Maths 2004','uploads/topic_2_1765371435.pdf','2025-12-10 23:57:15');
INSERT INTO `cp_topics`(`topic_id`,`session_id`,`topic_title`,`file_path`,`created_at`) VALUES('86','3','ICAS Maths 2005','uploads/topic_3_1765371446.pdf','2025-12-10 23:57:26');
INSERT INTO `cp_topics`(`topic_id`,`session_id`,`topic_title`,`file_path`,`created_at`) VALUES('87','4','ICAS Maths 2006','uploads/topic_4_1765371459.pdf','2025-12-10 23:57:39');
INSERT INTO `cp_topics`(`topic_id`,`session_id`,`topic_title`,`file_path`,`created_at`) VALUES('88','5','ICAS Maths 2007','uploads/topic_5_1765371473.pdf','2025-12-10 23:57:53');
INSERT INTO `cp_topics`(`topic_id`,`session_id`,`topic_title`,`file_path`,`created_at`) VALUES('89','6','ICAS Maths 2009','uploads/topic_6_1765371485.pdf','2025-12-10 23:58:05');
INSERT INTO `cp_topics`(`topic_id`,`session_id`,`topic_title`,`file_path`,`created_at`) VALUES('90','7','ICAS Maths 2010','uploads/topic_7_1765371500.pdf','2025-12-10 23:58:20');
INSERT INTO `cp_topics`(`topic_id`,`session_id`,`topic_title`,`file_path`,`created_at`) VALUES('91','8','ICAS Maths 2011','uploads/topic_8_1765371510.pdf','2025-12-10 23:58:30');
INSERT INTO `cp_topics`(`topic_id`,`session_id`,`topic_title`,`file_path`,`created_at`) VALUES('92','9','ICAS Maths 2012','uploads/topic_9_1765371526.pdf','2025-12-10 23:58:46');
INSERT INTO `cp_topics`(`topic_id`,`session_id`,`topic_title`,`file_path`,`created_at`) VALUES('93','10','ICAS Maths 2013','uploads/topic_10_1765371544.pdf','2025-12-10 23:59:04');
INSERT INTO `cp_topics`(`topic_id`,`session_id`,`topic_title`,`file_path`,`created_at`) VALUES('94','11','ICAS Maths 2014','uploads/topic_11_1765371558.pdf','2025-12-10 23:59:18');
INSERT INTO `cp_topics`(`topic_id`,`session_id`,`topic_title`,`file_path`,`created_at`) VALUES('95','12','ICAS Maths 2015','uploads/topic_12_1765371570.pdf','2025-12-10 23:59:30');
INSERT INTO `cp_topics`(`topic_id`,`session_id`,`topic_title`,`file_path`,`created_at`) VALUES('96','13','ICAS Maths 2016','uploads/topic_13_1765371587.pdf','2025-12-10 23:59:47');
INSERT INTO `cp_topics`(`topic_id`,`session_id`,`topic_title`,`file_path`,`created_at`) VALUES('97','14','ICAS Maths 2018','uploads/topic_14_1765371598.pdf','2025-12-10 23:59:58');
INSERT INTO `cp_topics`(`topic_id`,`session_id`,`topic_title`,`file_path`,`created_at`) VALUES('98','15','ICAS Maths 2019','uploads/topic_15_1765371613.pdf','2025-12-11 00:00:13');
INSERT INTO `cp_topics`(`topic_id`,`session_id`,`topic_title`,`file_path`,`created_at`) VALUES('99','16','ICAS Maths 2020','uploads/topic_16_1765371630.pdf','2025-12-11 00:00:30');
INSERT INTO `cp_topics`(`topic_id`,`session_id`,`topic_title`,`file_path`,`created_at`) VALUES('100','17','ICAS Maths 2021','uploads/topic_17_1765371647.pdf','2025-12-11 00:00:47');
INSERT INTO `cp_topics`(`topic_id`,`session_id`,`topic_title`,`file_path`,`created_at`) VALUES('147','337','HW: YEAR 5 Measurement & Geometry Test 1','uploads/topic_337_1766214251.pdf','2025-12-20 18:04:11');
INSERT INTO `cp_topics`(`topic_id`,`session_id`,`topic_title`,`file_path`,`created_at`) VALUES('148','338','HW: YEAR 5 Measurement & Geometry Test 2','uploads/topic_338_1766214263.pdf','2025-12-20 18:04:23');
INSERT INTO `cp_topics`(`topic_id`,`session_id`,`topic_title`,`file_path`,`created_at`) VALUES('149','339','HW: YEAR 5 Measurement & Geometry Test 3','uploads/topic_339_1766214274.pdf','2025-12-20 18:04:34');
INSERT INTO `cp_topics`(`topic_id`,`session_id`,`topic_title`,`file_path`,`created_at`) VALUES('150','340','HW: YEAR 5 Measurement & Geometry Test 4','uploads/topic_340_1766214286.pdf','2025-12-20 18:04:46');
INSERT INTO `cp_topics`(`topic_id`,`session_id`,`topic_title`,`file_path`,`created_at`) VALUES('151','341','HW: YEAR 5 Measurement & Geometry Test 5','uploads/topic_341_1766214300.pdf','2025-12-20 18:05:00');
INSERT INTO `cp_topics`(`topic_id`,`session_id`,`topic_title`,`file_path`,`created_at`) VALUES('152','342','HW: YEAR 5 Measurement & Geometry Test 6','uploads/topic_342_1766214311.pdf','2025-12-20 18:05:11');
INSERT INTO `cp_topics`(`topic_id`,`session_id`,`topic_title`,`file_path`,`created_at`) VALUES('153','343','HW: YEAR 5 Measurement & Geometry Test 7','uploads/topic_343_1766214323.pdf','2025-12-20 18:05:23');
INSERT INTO `cp_topics`(`topic_id`,`session_id`,`topic_title`,`file_path`,`created_at`) VALUES('154','344','HW: YEAR 5 Measurement & Geometry Test 8','uploads/topic_344_1766214337.pdf','2025-12-20 18:05:37');
INSERT INTO `cp_topics`(`topic_id`,`session_id`,`topic_title`,`file_path`,`created_at`) VALUES('155','345','HW: YEAR 5 Measurement & Geometry Test 9','uploads/topic_345_1766214348.pdf','2025-12-20 18:05:48');
INSERT INTO `cp_topics`(`topic_id`,`session_id`,`topic_title`,`file_path`,`created_at`) VALUES('156','346','HW: YEAR 5 Measurement & Geometry Test 10','uploads/topic_346_1766214360.pdf','2025-12-20 18:06:00');
INSERT INTO `cp_topics`(`topic_id`,`session_id`,`topic_title`,`file_path`,`created_at`) VALUES('157','347','HW: YEAR 5 Measurement & Geometry Test 11','uploads/topic_347_1766214371.pdf','2025-12-20 18:06:11');
INSERT INTO `cp_topics`(`topic_id`,`session_id`,`topic_title`,`file_path`,`created_at`) VALUES('158','348','HW: YEAR 5 Measurement & Geometry Test 12','uploads/topic_348_1766214382.pdf','2025-12-20 18:06:22');
INSERT INTO `cp_topics`(`topic_id`,`session_id`,`topic_title`,`file_path`,`created_at`) VALUES('159','349','HW: YEAR 5 Number and Algebra Test 1','uploads/topic_349_1766214403.pdf','2025-12-20 18:06:43');
INSERT INTO `cp_topics`(`topic_id`,`session_id`,`topic_title`,`file_path`,`created_at`) VALUES('160','350','HW: YEAR 5 Number and Algebra Test 2','uploads/topic_350_1766214414.pdf','2025-12-20 18:06:54');
INSERT INTO `cp_topics`(`topic_id`,`session_id`,`topic_title`,`file_path`,`created_at`) VALUES('161','351','HW: YEAR 5 Number and Algebra Test 3','uploads/topic_351_1766214426.pdf','2025-12-20 18:07:06');
INSERT INTO `cp_topics`(`topic_id`,`session_id`,`topic_title`,`file_path`,`created_at`) VALUES('162','352','HW: YEAR 5 Number and Algebra Test 4','uploads/topic_352_1766214437.pdf','2025-12-20 18:07:17');
INSERT INTO `cp_topics`(`topic_id`,`session_id`,`topic_title`,`file_path`,`created_at`) VALUES('163','353','HW: YEAR 5 Number and Algebra Test 5','uploads/topic_353_1766214450.pdf','2025-12-20 18:07:30');
INSERT INTO `cp_topics`(`topic_id`,`session_id`,`topic_title`,`file_path`,`created_at`) VALUES('164','354','HW: YEAR 5 Number and Algebra Test 6','uploads/topic_354_1766214462.pdf','2025-12-20 18:07:42');
INSERT INTO `cp_topics`(`topic_id`,`session_id`,`topic_title`,`file_path`,`created_at`) VALUES('165','355','HW: YEAR 5 Number and Algebra Test 7','uploads/topic_355_1766214476.pdf','2025-12-20 18:07:56');
INSERT INTO `cp_topics`(`topic_id`,`session_id`,`topic_title`,`file_path`,`created_at`) VALUES('166','356','HW: YEAR 5 Number and Algebra Test 8','uploads/topic_356_1766214488.pdf','2025-12-20 18:08:08');
INSERT INTO `cp_topics`(`topic_id`,`session_id`,`topic_title`,`file_path`,`created_at`) VALUES('167','357','HW: YEAR 5 Number and Algebra Test 9','uploads/topic_357_1766214501.pdf','2025-12-20 18:08:21');
INSERT INTO `cp_topics`(`topic_id`,`session_id`,`topic_title`,`file_path`,`created_at`) VALUES('168','358','HW: YEAR 5 Numeracy Test 0','uploads/topic_358_1766214522.pdf','2025-12-20 18:08:42');
INSERT INTO `cp_topics`(`topic_id`,`session_id`,`topic_title`,`file_path`,`created_at`) VALUES('169','359','HW: YEAR 5 Numeracy Test 1','uploads/topic_359_1766214534.pdf','2025-12-20 18:08:54');
INSERT INTO `cp_topics`(`topic_id`,`session_id`,`topic_title`,`file_path`,`created_at`) VALUES('170','360','HW: YEAR 5 Numeracy Test 2','uploads/topic_360_1766214548.pdf','2025-12-20 18:09:08');
INSERT INTO `cp_topics`(`topic_id`,`session_id`,`topic_title`,`file_path`,`created_at`) VALUES('171','361','HW: YEAR 5 Numeracy Test 3','uploads/topic_361_1766214563.pdf','2025-12-20 18:09:23');
INSERT INTO `cp_topics`(`topic_id`,`session_id`,`topic_title`,`file_path`,`created_at`) VALUES('172','362','HW: YEAR 5 Statistics & Probability Test 1','uploads/topic_362_1766214582.pdf','2025-12-20 18:09:42');
INSERT INTO `cp_topics`(`topic_id`,`session_id`,`topic_title`,`file_path`,`created_at`) VALUES('173','363','HW: YEAR 5 Statistics & Probability Test 2','uploads/topic_363_1766214595.pdf','2025-12-20 18:09:55');
INSERT INTO `cp_topics`(`topic_id`,`session_id`,`topic_title`,`file_path`,`created_at`) VALUES('174','364','HW: YEAR 5 Statistics & Probability Test 3','uploads/topic_364_1766214615.pdf','2025-12-20 18:10:15');
INSERT INTO `cp_topics`(`topic_id`,`session_id`,`topic_title`,`file_path`,`created_at`) VALUES('175','337','ICAS Maths 2002','uploads/topic_337_1766214685.pdf','2025-12-20 18:11:25');
INSERT INTO `cp_topics`(`topic_id`,`session_id`,`topic_title`,`file_path`,`created_at`) VALUES('176','338','ICAS Maths 2003','uploads/topic_338_1766214698.pdf','2025-12-20 18:11:38');
INSERT INTO `cp_topics`(`topic_id`,`session_id`,`topic_title`,`file_path`,`created_at`) VALUES('177','339','ICAS Maths 2005','uploads/topic_339_1766214711.pdf','2025-12-20 18:11:51');
INSERT INTO `cp_topics`(`topic_id`,`session_id`,`topic_title`,`file_path`,`created_at`) VALUES('178','340','ICAS Maths 2006','uploads/topic_340_1766214722.pdf','2025-12-20 18:12:02');
INSERT INTO `cp_topics`(`topic_id`,`session_id`,`topic_title`,`file_path`,`created_at`) VALUES('179','341','ICAS Maths 2007','uploads/topic_341_1766214734.pdf','2025-12-20 18:12:14');
INSERT INTO `cp_topics`(`topic_id`,`session_id`,`topic_title`,`file_path`,`created_at`) VALUES('181','342','ICAS Maths 2008','uploads/topic_342_1766214762.pdf','2025-12-20 18:12:42');
INSERT INTO `cp_topics`(`topic_id`,`session_id`,`topic_title`,`file_path`,`created_at`) VALUES('182','343','ICAS Maths 2009','uploads/topic_343_1766214773.pdf','2025-12-20 18:12:53');
INSERT INTO `cp_topics`(`topic_id`,`session_id`,`topic_title`,`file_path`,`created_at`) VALUES('183','344','ICAS Maths 2010','uploads/topic_344_1766214786.pdf','2025-12-20 18:13:06');
INSERT INTO `cp_topics`(`topic_id`,`session_id`,`topic_title`,`file_path`,`created_at`) VALUES('184','345','ICAS Maths 2011','uploads/topic_345_1766214796.pdf','2025-12-20 18:13:16');
INSERT INTO `cp_topics`(`topic_id`,`session_id`,`topic_title`,`file_path`,`created_at`) VALUES('185','346','ICAS Maths 2012','uploads/topic_346_1766214808.pdf','2025-12-20 18:13:28');
INSERT INTO `cp_topics`(`topic_id`,`session_id`,`topic_title`,`file_path`,`created_at`) VALUES('186','347','ICAS Maths 2013','uploads/topic_347_1766214821.pdf','2025-12-20 18:13:41');
INSERT INTO `cp_topics`(`topic_id`,`session_id`,`topic_title`,`file_path`,`created_at`) VALUES('187','348','ICAS Maths 2014','uploads/topic_348_1766214831.pdf','2025-12-20 18:13:51');
INSERT INTO `cp_topics`(`topic_id`,`session_id`,`topic_title`,`file_path`,`created_at`) VALUES('188','349','ICAS Maths 2015','uploads/topic_349_1766214843.pdf','2025-12-20 18:14:03');
INSERT INTO `cp_topics`(`topic_id`,`session_id`,`topic_title`,`file_path`,`created_at`) VALUES('189','350','ICAS Maths 2016','uploads/topic_350_1766214854.pdf','2025-12-20 18:14:14');
INSERT INTO `cp_topics`(`topic_id`,`session_id`,`topic_title`,`file_path`,`created_at`) VALUES('190','351','ICAS Maths 2017','uploads/topic_351_1766214865.pdf','2025-12-20 18:14:25');
INSERT INTO `cp_topics`(`topic_id`,`session_id`,`topic_title`,`file_path`,`created_at`) VALUES('191','352','ICAS Maths 2018','uploads/topic_352_1766214875.pdf','2025-12-20 18:14:35');
INSERT INTO `cp_topics`(`topic_id`,`session_id`,`topic_title`,`file_path`,`created_at`) VALUES('192','353','ICAS Maths 2019','uploads/topic_353_1766214894.pdf','2025-12-20 18:14:54');
INSERT INTO `cp_topics`(`topic_id`,`session_id`,`topic_title`,`file_path`,`created_at`) VALUES('193','354','ICAS Maths 2020','uploads/topic_354_1766214911.pdf','2025-12-20 18:15:11');
INSERT INTO `cp_topics`(`topic_id`,`session_id`,`topic_title`,`file_path`,`created_at`) VALUES('194','355','ICAS Maths 221','uploads/topic_355_1766214930.pdf','2025-12-20 18:15:30');
INSERT INTO `cp_topics`(`topic_id`,`session_id`,`topic_title`,`file_path`,`created_at`) VALUES('195','211','ICAS Maths 2006','uploads/topic_211_1766214970.pdf','2025-12-20 18:16:10');
INSERT INTO `cp_topics`(`topic_id`,`session_id`,`topic_title`,`file_path`,`created_at`) VALUES('196','212','ICAS Maths 2008','uploads/topic_212_1766214983.pdf','2025-12-20 18:16:23');
INSERT INTO `cp_topics`(`topic_id`,`session_id`,`topic_title`,`file_path`,`created_at`) VALUES('197','213','ICAS Maths 2009','uploads/topic_213_1766214996.pdf','2025-12-20 18:16:36');
INSERT INTO `cp_topics`(`topic_id`,`session_id`,`topic_title`,`file_path`,`created_at`) VALUES('198','214','ICAS Maths 2010','uploads/topic_214_1766215014.pdf','2025-12-20 18:16:54');
INSERT INTO `cp_topics`(`topic_id`,`session_id`,`topic_title`,`file_path`,`created_at`) VALUES('199','215','ICAS Maths 2011','uploads/topic_215_1766215027.pdf','2025-12-20 18:17:07');
INSERT INTO `cp_topics`(`topic_id`,`session_id`,`topic_title`,`file_path`,`created_at`) VALUES('200','216','ICAS Maths 2012','uploads/topic_216_1766215038.pdf','2025-12-20 18:17:18');
INSERT INTO `cp_topics`(`topic_id`,`session_id`,`topic_title`,`file_path`,`created_at`) VALUES('201','217','ICAS Maths 2013','uploads/topic_217_1766215050.pdf','2025-12-20 18:17:30');
INSERT INTO `cp_topics`(`topic_id`,`session_id`,`topic_title`,`file_path`,`created_at`) VALUES('202','218','ICAS Maths 2014','uploads/topic_218_1766215060.pdf','2025-12-20 18:17:40');
INSERT INTO `cp_topics`(`topic_id`,`session_id`,`topic_title`,`file_path`,`created_at`) VALUES('203','219','ICAS Maths 2015','uploads/topic_219_1766215070.pdf','2025-12-20 18:17:50');
INSERT INTO `cp_topics`(`topic_id`,`session_id`,`topic_title`,`file_path`,`created_at`) VALUES('204','220','ICAS Maths 2016','uploads/topic_220_1766215082.pdf','2025-12-20 18:18:02');
INSERT INTO `cp_topics`(`topic_id`,`session_id`,`topic_title`,`file_path`,`created_at`) VALUES('205','221','ICAS Maths 2017','uploads/topic_221_1766215092.pdf','2025-12-20 18:18:12');
INSERT INTO `cp_topics`(`topic_id`,`session_id`,`topic_title`,`file_path`,`created_at`) VALUES('206','222','ICAS Maths 2018','uploads/topic_222_1766215101.pdf','2025-12-20 18:18:21');
INSERT INTO `cp_topics`(`topic_id`,`session_id`,`topic_title`,`file_path`,`created_at`) VALUES('207','223','ICAS Maths 2019','uploads/topic_223_1766215114.pdf','2025-12-20 18:18:34');
INSERT INTO `cp_topics`(`topic_id`,`session_id`,`topic_title`,`file_path`,`created_at`) VALUES('208','224','ICAS Maths 2020','uploads/topic_224_1766215131.pdf','2025-12-20 18:18:51');

CREATE TABLE `system_settings` (
  `setting_id` int NOT NULL AUTO_INCREMENT,
  `setting_key` varchar(50) NOT NULL,
  `setting_value` text,
  `created_at` timestamp NULL DEFAULT CURRENT_TIMESTAMP,
  `updated_at` timestamp NULL DEFAULT CURRENT_TIMESTAMP ON UPDATE CURRENT_TIMESTAMP,
  PRIMARY KEY (`setting_id`),
  UNIQUE KEY `setting_key` (`setting_key`)
) ENGINE=InnoDB AUTO_INCREMENT=2299 DEFAULT CHARSET=utf8mb4 COLLATE=utf8mb4_0900_ai_ci;

INSERT INTO `system_settings`(`setting_id`,`setting_key`,`setting_value`,`created_at`,`updated_at`) VALUES('1','version','1.01','2025-12-10 06:01:21','2025-12-10 07:30:30');
INSERT INTO `system_settings`(`setting_id`,`setting_key`,`setting_value`,`created_at`,`updated_at`) VALUES('2','system_code','706950','2025-12-10 06:01:21','2025-12-10 07:30:30');
INSERT INTO `system_settings`(`setting_id`,`setting_key`,`setting_value`,`created_at`,`updated_at`) VALUES('3','safe_ips','','2025-12-10 06:01:21','2025-12-10 06:01:21');

